{"id":56,"date":"2014-06-13T07:26:33","date_gmt":"2014-06-13T05:26:33","guid":{"rendered":"http:\/\/abenteuerpiloten.de\/?page_id=56"},"modified":"2024-04-20T18:57:39","modified_gmt":"2024-04-20T16:57:39","slug":"fliegen-im-ausland","status":"publish","type":"page","link":"https:\/\/abenteuerpiloten.de\/?page_id=56","title":{"rendered":"FLIEGEN IM AUSLAND"},"content":{"rendered":"<p>F\u00fcr alle europ\u00e4ischen L\u00e4nder und Marokko empfehlen wir als moving map f\u00fcr iPad und Android <a href=\"http:\/\/www.skydemon.aero\">skydemon<\/a> Die Software beinhaltet z.B. f\u00fcr Italien alle UL-Routen, f\u00fcr Kroatien die VFR Routen und f\u00fcr Portugal die VFR Tunnel. Auch sind alle Meldepunkte verzeichnet und bei Internetverbindung werden automatisch alle Notams und das Wetter eingespielt.<\/p>\n<p>Weitere Informationen f\u00fcr Fliegen mit ULs im Ausland sind bei der European Microlight Federation <a href=\"https:\/\/emf.aero\/wordpress\/wp-content\/uploads\/2023\/06\/MLA_flying_in_Europe-23-06-2023.pdf\">hier<\/a> zu finden.<\/p>\n","protected":false},"excerpt":{"rendered":"<p>F\u00fcr alle europ\u00e4ischen L\u00e4nder und Marokko empfehlen wir als moving map f\u00fcr iPad und Android skydemon Die Software beinhaltet z.B. f\u00fcr Italien alle UL-Routen, f\u00fcr Kroatien die VFR Routen und&#8230;<\/p>\n<div class=\"more-link-wrapper\"><a class=\"more-link\" href=\"https:\/\/abenteuerpiloten.de\/?page_id=56\">Weiterlesen<span class=\"screen-reader-text\">FLIEGEN IM AUSLAND<\/span><\/a><\/div>\n","protected":false},"author":1,"featured_media":810,"parent":0,"menu_order":4,"comment_status":"closed","ping_status":"closed","template":"","meta":{"footnotes":""},"class_list":["post-56","page","type-page","status-publish","has-post-thumbnail","hentry","excerpt"],"aioseo_notices":[],"_links":{"self":[{"href":"https:\/\/abenteuerpiloten.de\/index.php?rest_route=\/wp\/v2\/pages\/56","targetHints":{"allow":["GET"]}}],"collection":[{"href":"https:\/\/abenteuerpiloten.de\/index.php?rest_route=\/wp\/v2\/pages"}],"about":[{"href":"https:\/\/abenteuerpiloten.de\/index.php?rest_route=\/wp\/v2\/types\/page"}],"author":[{"embeddable":true,"href":"https:\/\/abenteuerpiloten.de\/index.php?rest_route=\/wp\/v2\/users\/1"}],"replies":[{"embeddable":true,"href":"https:\/\/abenteuerpiloten.de\/index.php?rest_route=%2Fwp%2Fv2%2Fcomments&post=56"}],"version-history":[{"count":22,"href":"https:\/\/abenteuerpiloten.de\/index.php?rest_route=\/wp\/v2\/pages\/56\/revisions"}],"predecessor-version":[{"id":1776,"href":"https:\/\/abenteuerpiloten.de\/index.php?rest_route=\/wp\/v2\/pages\/56\/revisions\/1776"}],"wp:featuredmedia":[{"embeddable":true,"href":"https:\/\/abenteuerpiloten.de\/index.php?rest_route=\/wp\/v2\/media\/810"}],"wp:attachment":[{"href":"https:\/\/abenteuerpiloten.de\/index.php?rest_route=%2Fwp%2Fv2%2Fmedia&parent=56"}],"curies":[{"name":"wp","href":"https:\/\/api.w.org\/{rel}","templated":true}]}}